{"id":2102,"date":"2021-12-03T22:20:12","date_gmt":"2021-12-03T22:20:12","guid":{"rendered":"https:\/\/consord.tn\/?post_type=product&#038;p=2102"},"modified":"2021-12-03T22:20:12","modified_gmt":"2021-12-03T22:20:12","slug":"profesional-scrum-master-niveau-2","status":"publish","type":"product","link":"https:\/\/consord.tn\/index.php\/product\/profesional-scrum-master-niveau-2\/","title":{"rendered":"Profesional Scrum Master Niveau 2"},"content":{"rendered":"<p>La certification Professional Scrum Master\u2122 Level II d\u00e9montre les connaissances et les capacit\u00e9s avanc\u00e9es d&#8217;une personne en ce qui concerne Scrum et le r\u00f4le du Scrum Master. Il s&#8217;agit de la plus haute certification possible au sein de la Scrum Alliance et elle constitue une reconnaissance de la ma\u00eetrise du sujet par un individu. Seuls 2% de tous les candidats sont accept\u00e9s dans ce programme et seuls 6,5% de ceux qui ont termin\u00e9 le processus de candidature r\u00e9ussissent l&#8217;\u00e9valuation.<\/p>\n","protected":false},"excerpt":{"rendered":"<p>La certification Professional Scrum Master\u2122 Level II d\u00e9montre les connaissances et les capacit\u00e9s avanc\u00e9es d&#8217;une personne en ce qui concerne Scrum et le r\u00f4le du Scrum Master. Il s&#8217;agit de la plus haute certification possible au sein de la Scrum Alliance et elle constitue une reconnaissance de la ma\u00eetrise du sujet par un individu. Seuls [&hellip;]<\/p>\n","protected":false},"featured_media":859,"comment_status":"open","ping_status":"closed","template":"","meta":{"_et_pb_use_builder":"","_et_pb_old_content":"","_et_gb_content_width":""},"product_brand":[],"product_cat":[260],"product_tag":[],"class_list":{"0":"post-2102","1":"product","2":"type-product","3":"status-publish","4":"has-post-thumbnail","6":"product_cat-management-de-projets","8":"first","9":"instock","10":"taxable","11":"shipping-taxable","12":"product-type-simple"},"_links":{"self":[{"href":"https:\/\/consord.tn\/index.php\/wp-json\/wp\/v2\/product\/2102","targetHints":{"allow":["GET"]}}],"collection":[{"href":"https:\/\/consord.tn\/index.php\/wp-json\/wp\/v2\/product"}],"about":[{"href":"https:\/\/consord.tn\/index.php\/wp-json\/wp\/v2\/types\/product"}],"replies":[{"embeddable":true,"href":"https:\/\/consord.tn\/index.php\/wp-json\/wp\/v2\/comments?post=2102"}],"wp:featuredmedia":[{"embeddable":true,"href":"https:\/\/consord.tn\/index.php\/wp-json\/wp\/v2\/media\/859"}],"wp:attachment":[{"href":"https:\/\/consord.tn\/index.php\/wp-json\/wp\/v2\/media?parent=2102"}],"wp:term":[{"taxonomy":"product_brand","embeddable":true,"href":"https:\/\/consord.tn\/index.php\/wp-json\/wp\/v2\/product_brand?post=2102"},{"taxonomy":"product_cat","embeddable":true,"href":"https:\/\/consord.tn\/index.php\/wp-json\/wp\/v2\/product_cat?post=2102"},{"taxonomy":"product_tag","embeddable":true,"href":"https:\/\/consord.tn\/index.php\/wp-json\/wp\/v2\/product_tag?post=2102"}],"curies":[{"name":"wp","href":"https:\/\/api.w.org\/{rel}","templated":true}]}}