{"id":2105,"date":"2021-12-03T22:23:38","date_gmt":"2021-12-03T22:23:38","guid":{"rendered":"https:\/\/consord.tn\/?post_type=product&#038;p=2105"},"modified":"2021-12-03T22:23:38","modified_gmt":"2021-12-03T22:23:38","slug":"istqb-niveau-avance-analyste-test","status":"publish","type":"product","link":"https:\/\/consord.tn\/index.php\/product\/istqb-niveau-avance-analyste-test\/","title":{"rendered":"ISTQB Niveau Avanc\u00e9 Analyste Test"},"content":{"rendered":"<p>La bonne formation de testeur certifi\u00e9 d\u00e9livr\u00e9e par l&#8217;ISTQB vous donne toutes les comp\u00e9tences n\u00e9cessaires pour \u00eatre efficace dans un environnement dynamique tel que celui d&#8217;une entreprise de logiciels. Et apr\u00e8s cette formation, vous serez en mesure de : Prioriser les activit\u00e9s de test en fonction des risques identifi\u00e9s dans le cycle de vie du d\u00e9veloppement logiciel. D\u00e9terminer les bons types de tests fonctionnels \u00e0 effectuer. Utiliser les crit\u00e8res d&#8217;acceptation comme base pour la conception des tests. Tester au bon niveau de confiance. Documenter les r\u00e9sultats des tests en d\u00e9tail. \u00catre pr\u00eat \u00e0 assumer l&#8217;enti\u00e8re responsabilit\u00e9 des tests d&#8217;utilisabilit\u00e9. Concevoir et mettre en \u0153uvre un syst\u00e8me de classification des d\u00e9fauts. Utiliser le sch\u00e9ma pour guider votre planification des tests. Utiliser les outils pour soutenir un processus de test efficace. Une gestion des tests d&#8217;environ 18 mois est fortement recommand\u00e9e pour aborder l&#8217;examen dans les meilleures conditions possibles.<\/p>\n","protected":false},"excerpt":{"rendered":"<p>La bonne formation de testeur certifi\u00e9 d\u00e9livr\u00e9e par l&#8217;ISTQB vous donne toutes les comp\u00e9tences n\u00e9cessaires pour \u00eatre efficace dans un environnement dynamique tel que celui d&#8217;une entreprise de logiciels. Et apr\u00e8s cette formation, vous serez en mesure de : Prioriser les activit\u00e9s de test en fonction des risques identifi\u00e9s dans le cycle de vie du [&hellip;]<\/p>\n","protected":false},"featured_media":940,"comment_status":"open","ping_status":"closed","template":"","meta":{"_et_pb_use_builder":"","_et_pb_old_content":"","_et_gb_content_width":""},"product_brand":[],"product_cat":[261],"product_tag":[],"class_list":{"0":"post-2105","1":"product","2":"type-product","3":"status-publish","4":"has-post-thumbnail","6":"product_cat-testes-logiciels","8":"first","9":"instock","10":"taxable","11":"shipping-taxable","12":"product-type-simple"},"_links":{"self":[{"href":"https:\/\/consord.tn\/index.php\/wp-json\/wp\/v2\/product\/2105","targetHints":{"allow":["GET"]}}],"collection":[{"href":"https:\/\/consord.tn\/index.php\/wp-json\/wp\/v2\/product"}],"about":[{"href":"https:\/\/consord.tn\/index.php\/wp-json\/wp\/v2\/types\/product"}],"replies":[{"embeddable":true,"href":"https:\/\/consord.tn\/index.php\/wp-json\/wp\/v2\/comments?post=2105"}],"wp:featuredmedia":[{"embeddable":true,"href":"https:\/\/consord.tn\/index.php\/wp-json\/wp\/v2\/media\/940"}],"wp:attachment":[{"href":"https:\/\/consord.tn\/index.php\/wp-json\/wp\/v2\/media?parent=2105"}],"wp:term":[{"taxonomy":"product_brand","embeddable":true,"href":"https:\/\/consord.tn\/index.php\/wp-json\/wp\/v2\/product_brand?post=2105"},{"taxonomy":"product_cat","embeddable":true,"href":"https:\/\/consord.tn\/index.php\/wp-json\/wp\/v2\/product_cat?post=2105"},{"taxonomy":"product_tag","embeddable":true,"href":"https:\/\/consord.tn\/index.php\/wp-json\/wp\/v2\/product_tag?post=2105"}],"curies":[{"name":"wp","href":"https:\/\/api.w.org\/{rel}","templated":true}]}}