{"id":2117,"date":"2021-12-03T22:36:58","date_gmt":"2021-12-03T22:36:58","guid":{"rendered":"https:\/\/consord.tn\/?post_type=product&#038;p=2117"},"modified":"2021-12-03T22:36:58","modified_gmt":"2021-12-03T22:36:58","slug":"istqb-test-de-performance","status":"publish","type":"product","link":"https:\/\/consord.tn\/index.php\/product\/istqb-test-de-performance\/","title":{"rendered":"ISTQB Test de performance"},"content":{"rendered":"<p>Le niveau de qualification Performance Testing Foundation s&#8217;adresse aux personnes qui poss\u00e8dent d\u00e9j\u00e0 la certification Performance Testing Foundation et qui recherchent une formation avanc\u00e9e en mati\u00e8re de tests de performance.<\/p>\n","protected":false},"excerpt":{"rendered":"<p>Le niveau de qualification Performance Testing Foundation s&#8217;adresse aux personnes qui poss\u00e8dent d\u00e9j\u00e0 la certification Performance Testing Foundation et qui recherchent une formation avanc\u00e9e en mati\u00e8re de tests de performance.<\/p>\n","protected":false},"featured_media":734,"comment_status":"open","ping_status":"closed","template":"","meta":{"_et_pb_use_builder":"","_et_pb_old_content":"","_et_gb_content_width":""},"product_brand":[],"product_cat":[261],"product_tag":[],"class_list":{"0":"post-2117","1":"product","2":"type-product","3":"status-publish","4":"has-post-thumbnail","6":"product_cat-testes-logiciels","8":"first","9":"instock","10":"taxable","11":"shipping-taxable","12":"product-type-simple"},"_links":{"self":[{"href":"https:\/\/consord.tn\/index.php\/wp-json\/wp\/v2\/product\/2117","targetHints":{"allow":["GET"]}}],"collection":[{"href":"https:\/\/consord.tn\/index.php\/wp-json\/wp\/v2\/product"}],"about":[{"href":"https:\/\/consord.tn\/index.php\/wp-json\/wp\/v2\/types\/product"}],"replies":[{"embeddable":true,"href":"https:\/\/consord.tn\/index.php\/wp-json\/wp\/v2\/comments?post=2117"}],"wp:featuredmedia":[{"embeddable":true,"href":"https:\/\/consord.tn\/index.php\/wp-json\/wp\/v2\/media\/734"}],"wp:attachment":[{"href":"https:\/\/consord.tn\/index.php\/wp-json\/wp\/v2\/media?parent=2117"}],"wp:term":[{"taxonomy":"product_brand","embeddable":true,"href":"https:\/\/consord.tn\/index.php\/wp-json\/wp\/v2\/product_brand?post=2117"},{"taxonomy":"product_cat","embeddable":true,"href":"https:\/\/consord.tn\/index.php\/wp-json\/wp\/v2\/product_cat?post=2117"},{"taxonomy":"product_tag","embeddable":true,"href":"https:\/\/consord.tn\/index.php\/wp-json\/wp\/v2\/product_tag?post=2117"}],"curies":[{"name":"wp","href":"https:\/\/api.w.org\/{rel}","templated":true}]}}