{"id":2139,"date":"2021-12-03T22:58:14","date_gmt":"2021-12-03T22:58:14","guid":{"rendered":"https:\/\/consord.tn\/?post_type=product&#038;p=2139"},"modified":"2021-12-03T22:58:14","modified_gmt":"2021-12-03T22:58:14","slug":"selenium","status":"publish","type":"product","link":"https:\/\/consord.tn\/index.php\/product\/selenium\/","title":{"rendered":"SELENIUM"},"content":{"rendered":"<p>L&#8217;int\u00e9r\u00eat pour les simulateurs de sites web et l&#8217;utilisation de l&#8217;outil d&#8217;automatisation Selenium est vite compris par les marketeurs. Cette formation vous permettra de vous approprier les outils de cette plateforme afin de simuler une activit\u00e9 r\u00e9elle sur un site web et de r\u00e9aliser les tests.<\/p>\n","protected":false},"excerpt":{"rendered":"<p>L&#8217;int\u00e9r\u00eat pour les simulateurs de sites web et l&#8217;utilisation de l&#8217;outil d&#8217;automatisation Selenium est vite compris par les marketeurs. Cette formation vous permettra de vous approprier les outils de cette plateforme afin de simuler une activit\u00e9 r\u00e9elle sur un site web et de r\u00e9aliser les tests.<\/p>\n","protected":false},"featured_media":706,"comment_status":"open","ping_status":"closed","template":"","meta":{"_et_pb_use_builder":"","_et_pb_old_content":"","_et_gb_content_width":""},"product_brand":[],"product_cat":[261],"product_tag":[],"class_list":{"0":"post-2139","1":"product","2":"type-product","3":"status-publish","4":"has-post-thumbnail","6":"product_cat-testes-logiciels","8":"first","9":"instock","10":"taxable","11":"shipping-taxable","12":"product-type-simple"},"_links":{"self":[{"href":"https:\/\/consord.tn\/index.php\/wp-json\/wp\/v2\/product\/2139","targetHints":{"allow":["GET"]}}],"collection":[{"href":"https:\/\/consord.tn\/index.php\/wp-json\/wp\/v2\/product"}],"about":[{"href":"https:\/\/consord.tn\/index.php\/wp-json\/wp\/v2\/types\/product"}],"replies":[{"embeddable":true,"href":"https:\/\/consord.tn\/index.php\/wp-json\/wp\/v2\/comments?post=2139"}],"wp:featuredmedia":[{"embeddable":true,"href":"https:\/\/consord.tn\/index.php\/wp-json\/wp\/v2\/media\/706"}],"wp:attachment":[{"href":"https:\/\/consord.tn\/index.php\/wp-json\/wp\/v2\/media?parent=2139"}],"wp:term":[{"taxonomy":"product_brand","embeddable":true,"href":"https:\/\/consord.tn\/index.php\/wp-json\/wp\/v2\/product_brand?post=2139"},{"taxonomy":"product_cat","embeddable":true,"href":"https:\/\/consord.tn\/index.php\/wp-json\/wp\/v2\/product_cat?post=2139"},{"taxonomy":"product_tag","embeddable":true,"href":"https:\/\/consord.tn\/index.php\/wp-json\/wp\/v2\/product_tag?post=2139"}],"curies":[{"name":"wp","href":"https:\/\/api.w.org\/{rel}","templated":true}]}}